{"id":67,"date":"2021-04-12T10:59:03","date_gmt":"2021-04-12T10:59:03","guid":{"rendered":"http:\/\/www.movefysio.fi\/?page_id=67"},"modified":"2023-01-10T19:31:11","modified_gmt":"2023-01-10T19:31:11","slug":"urheilijoiden-testaus","status":"publish","type":"page","link":"https:\/\/www.movefysio.fi\/?page_id=67","title":{"rendered":""},"content":{"rendered":"\n<div class=\"wp-block-cover alignfull\"><span aria-hidden=\"true\" class=\"wp-block-cover__background has-nv-light-bg-background-color has-background-dim-100 has-background-dim\"><\/span><div class=\"wp-block-cover__inner-container is-layout-flow wp-block-cover-is-layout-flow\">\n<p class=\"has-neve-text-color-color has-text-color\"><\/p>\n\n\n\n<div style=\"height:41px\" aria-hidden=\"true\" class=\"wp-block-spacer\"><\/div>\n\n\n\n<p class=\"has-neve-text-color-color has-text-color\"><\/p>\n\n\n\n<div class=\"wp-block-columns is-layout-flex wp-container-core-columns-is-layout-1 wp-block-columns-is-layout-flex\">\n<div class=\"wp-block-column is-layout-flow wp-block-column-is-layout-flow\" style=\"flex-basis:66.66%\">\n<h2 class=\"has-neve-text-color-color has-text-color wp-block-heading\">Urheilijan vammariskianalyysi<\/h2>\n\n\n\n<div style=\"height:28px\" aria-hidden=\"true\" class=\"wp-block-spacer\"><\/div>\n\n\n\n<p class=\"has-neve-link-color-color has-text-color\">Urheilijoiden vammat ovat lis\u00e4\u00e4ntyneet ja toistuvat loukkaantumiset ja niist\u00e4 aiheutuvat poissaolot ovatkin monen urheilijan ja valmentajan murheena. Lis\u00e4ksi on todettu, ett\u00e4 aikaisempi vamma on suuri riski loukkaantumiselle, joten optimaalisinta olisikin pyrki\u00e4 ennaltaehk\u00e4isem\u00e4\u00e4n jo ensimm\u00e4inen vamma. MoveFysion tavoitteena on lis\u00e4t\u00e4 urheilijoille mahdollisimman paljon terveit\u00e4 treenip\u00e4ivi\u00e4 ja sit\u00e4 kautta maksimoida urheilijan kehittyminen.&nbsp;<\/p>\n\n\n\n<p class=\"has-neve-link-color-color has-text-color\">MoveFysio on kehitt\u00e4nyt menetelm\u00e4n, jolla pystyt\u00e4\u00e4n arvioimaan luotettavasti urheilijan vammariski\u00e4 ja mahdollisten kiputilojen syit\u00e4. Urheilija l\u00e4pik\u00e4y tutkittuun tietoon pohjautuvan testipatteriston, jonka tavoitteena on l\u00f6yt\u00e4\u00e4 urheilijan yksil\u00f6llinen vammariski ja puuttua siihen. Testauksessa kartoitetaan my\u00f6s muita t\u00e4rkeit\u00e4 vammariski\u00e4 lis\u00e4\u00e4vi\u00e4 tekij\u00f6it\u00e4, kuten unenm\u00e4\u00e4r\u00e4, palautuminen ja vammahistoria. Urheilija saa testauksesta yksil\u00f6llisen vammariskianalyysin, josta selvi\u00e4\u00e4 vammautumisen riski sek\u00e4 kehityskohteet. Ne urheilijat, joilla vammariski on selv\u00e4sti kohonnut ohjataan jatkoarvioon esimerkiksi l\u00e4\u00e4k\u00e4rille. Pienen vammariskin urheilijoille suositellaan spesifi\u00e4 harjoittelua. Harjoitusten tarkoitus on tarttua tarkasti ongelmakohtiin esimerkiksi urheilijoiden liikkuvuudessa, voimantuotossa, liikehallinnassa sek\u00e4 muissa t\u00e4rkeiss\u00e4 ominaisuuksissa. Lis\u00e4ksi testeist\u00e4 saatu palaute on valmentajille arvokasta tietoa ja auttaa valmennuksen suunnittelua.<\/p>\n\n\n\n<p class=\"has-neve-link-color-color has-text-color\">Jokaisesta meid\u00e4n testaamasta joukkueesta on l\u00f6ytynyt yksitt\u00e4isi\u00e4 korkean riskin vamman omaavia urheilijoita ja useita joukkuetason vammariskej\u00e4. Vakavia vammoja tai korkealle vammariskille altistavia tekij\u00f6it\u00e4, joita testeiss\u00e4 on l\u00f6ytynyt, ovat muunmuassa erilaiset lonkan rasitusper\u00e4iset vaivat, sel\u00e4n rasitusmurtumat ja merkitt\u00e4v\u00e4t puolierot liikkuvuudessa tai voimassa. Jokaisen urheilijan ja joukkueen tulokset ovat yksil\u00f6lliset ja urheilijoiden ja joukkueiden v\u00e4lill\u00e4 voi olla suuriakin eroja vammariskiss\u00e4 tai vammojen esiintyvyydess\u00e4. Meill\u00e4 on laaja kokemus joukkuevoimistelijoiden ja jalkapalloilijoiden testaamisesta, mutta testaaminen on luotettavaa ja hy\u00f6dyllist\u00e4 kaikille urheilijoille lajista huolimatta.<\/p>\n<\/div>\n\n\n\n<div class=\"wp-block-column is-layout-flow wp-block-column-is-layout-flow\" style=\"flex-basis:33.33%\">\n<figure class=\"wp-block-image size-full\"><img loading=\"lazy\" decoding=\"async\" width=\"583\" height=\"729\" src=\"https:\/\/www.movefysio.fi\/wp-content\/uploads\/2023\/01\/movefysio-2_1.jpg\" alt=\"\" class=\"wp-image-419\" srcset=\"https:\/\/www.movefysio.fi\/wp-content\/uploads\/2023\/01\/movefysio-2_1.jpg 583w, https:\/\/www.movefysio.fi\/wp-content\/uploads\/2023\/01\/movefysio-2_1-240x300.jpg 240w\" sizes=\"(max-width: 583px) 100vw, 583px\" \/><\/figure>\n\n\n\n<div style=\"height:20px\" aria-hidden=\"true\" class=\"wp-block-spacer\"><\/div>\n\n\n\n<figure class=\"wp-block-image size-full\"><img loading=\"lazy\" decoding=\"async\" width=\"593\" height=\"741\" src=\"https:\/\/www.movefysio.fi\/wp-content\/uploads\/2023\/01\/movefysio-3.jpg\" alt=\"\" class=\"wp-image-420\" srcset=\"https:\/\/www.movefysio.fi\/wp-content\/uploads\/2023\/01\/movefysio-3.jpg 593w, https:\/\/www.movefysio.fi\/wp-content\/uploads\/2023\/01\/movefysio-3-240x300.jpg 240w\" sizes=\"(max-width: 593px) 100vw, 593px\" \/><\/figure>\n<\/div>\n<\/div>\n\n\n\n<div style=\"height:42px\" aria-hidden=\"true\" class=\"wp-block-spacer\"><\/div>\n<\/div><\/div>\n\n\n\n<div style=\"height:100px\" aria-hidden=\"true\" class=\"wp-block-spacer\"><\/div>\n\n\n<style>#sp-ea-320 .spcollapsing { height: 0; overflow: hidden; transition-property: height;transition-duration: 300ms;}.sp-easy-accordion-enabled .eap_section_title_320, body .eap_section_title_320 { color: #111111; margin-bottom:  30px; }#sp-ea-320.sp-easy-accordion>.sp-ea-single {margin-bottom: 10px; border: 1px solid #e2e2e2; }#sp-ea-320.sp-easy-accordion>.sp-ea-single>.ea-header a {color: #111111;}#sp-ea-320.sp-easy-accordion>.sp-ea-single>.sp-collapse>.ea-body {background: #f9f9f9; color: #111111;}#sp-ea-320.sp-easy-accordion>.sp-ea-single {background: #ef7b13;}#sp-ea-320.sp-easy-accordion>.sp-ea-single>.ea-header a .ea-expand-icon { float: right; color: #ffffff;font-size: 16px;}#sp-ea-320.sp-easy-accordion>.sp-ea-single>.ea-header a .ea-expand-icon {margin-right: 0;}<\/style>\t<h2 class=\"eap_section_title eap_section_title_320\">Miten homma k\u00e4yt\u00e4nn\u00f6ss\u00e4 toimii<\/h2>\n<div id=\"sp_easy_accordion-1776344061\">\n<div id=\"sp-ea-320\" class=\"sp-ea-one sp-easy-accordion\" data-ex-icon=\"minus\" data-col-icon=\"plus\" data-ea-active=\"ea-click\" data-ea-mode=\"vertical\" data-preloader=\"\" data-scroll-active-item=\"\" data-offset-to-scroll=\"0\">\n\t<!-- Start accordion card div. -->\n\t<div class=\"ea-card ea-expand sp-ea-single\">\n\t\t<!-- Start accordion header. -->\n\t\t<h3 class=\"ea-header\">\n\t\t\t<!-- Add anchor tag for header. -->\n\t\t\t<a class=\"collapsed\" id=\"ea-header-3200\" data-sptoggle=\"spcollapse\" data-sptarget=\"#collapse3200\" aria-controls=\"collapse3200\" href=\"#\"  aria-expanded=\"true\" tabindex=\"0\">\n\t\t\t<i class=\"ea-expand-icon ea-icon-expand-minus\"><\/i> Testaus\t\t\t<\/a> <!-- Close anchor tag for header. -->\n\t\t<\/h3>\t<!-- Close header tag. -->\n\t\t<!-- Start collapsible content div. -->\n\t\t<div class=\"sp-collapse spcollapse collapsed show\" id=\"collapse3200\" data-parent=\"#sp-ea-320\" role=\"region\" aria-labelledby=\"ea-header-3200\">  <!-- Content div. -->\n\t\t\t<div class=\"ea-body\">\n\t\t\t<p><span style=\"font-weight: 400\">Urheilija tutkitaan yksil\u00f6llisesti harjoitusten yhteydess\u00e4 ja tulosten pohjalta tehd\u00e4\u00e4n yksil\u00f6llinen sek\u00e4 koko joukkueen vammariskianalyysi. Testit sis\u00e4lt\u00e4v\u00e4t liikkuvuutta, voimaa, liikehallintaa ja r\u00e4j\u00e4ht\u00e4vyytt\u00e4 mittaavia testej\u00e4 fysioterapeuttisten manuaalisten testien lis\u00e4ksi.<\/span><\/p>\n\t\t\t<\/div> <!-- Close content div. -->\n\t\t<\/div> <!-- Close collapse div. -->\n\t<\/div> <!-- Close card div. -->\n\t\t<!-- Start accordion card div. -->\n\t<div class=\"ea-card  sp-ea-single\">\n\t\t<!-- Start accordion header. -->\n\t\t<h3 class=\"ea-header\">\n\t\t\t<!-- Add anchor tag for header. -->\n\t\t\t<a class=\"collapsed\" id=\"ea-header-3201\" data-sptoggle=\"spcollapse\" data-sptarget=\"#collapse3201\" aria-controls=\"collapse3201\" href=\"#\"  aria-expanded=\"false\" tabindex=\"0\">\n\t\t\t<i class=\"ea-expand-icon ea-icon-expand-plus\"><\/i> Palaute\t\t\t<\/a> <!-- Close anchor tag for header. -->\n\t\t<\/h3>\t<!-- Close header tag. -->\n\t\t<!-- Start collapsible content div. -->\n\t\t<div class=\"sp-collapse spcollapse \" id=\"collapse3201\" data-parent=\"#sp-ea-320\" role=\"region\" aria-labelledby=\"ea-header-3201\">  <!-- Content div. -->\n\t\t\t<div class=\"ea-body\">\n\t\t\t<p><span style=\"font-weight: 400\">Testitulosten perusteella urheilijoille ja joukkueelle tehd\u00e4\u00e4n vammariskianalyysi ja palaute, jonka saa valmentaja sek\u00e4 urheilija. Lis\u00e4ksi, jos joukkue on tilannut vammariski\u00e4 pienent\u00e4v\u00e4n harjoitusohjelman, saa jokainen urheilija yksil\u00f6llisen harjoitusohjelman, joka ohjataan harjoitusten yhteydess\u00e4.<\/span><\/p>\n\t\t\t<\/div> <!-- Close content div. -->\n\t\t<\/div> <!-- Close collapse div. -->\n\t<\/div> <!-- Close card div. -->\n\t\t<!-- Start accordion card div. -->\n\t<div class=\"ea-card  sp-ea-single\">\n\t\t<!-- Start accordion header. -->\n\t\t<h3 class=\"ea-header\">\n\t\t\t<!-- Add anchor tag for header. -->\n\t\t\t<a class=\"collapsed\" id=\"ea-header-3202\" data-sptoggle=\"spcollapse\" data-sptarget=\"#collapse3202\" aria-controls=\"collapse3202\" href=\"#\"  aria-expanded=\"false\" tabindex=\"0\">\n\t\t\t<i class=\"ea-expand-icon ea-icon-expand-plus\"><\/i> Jatkotestaus\t\t\t<\/a> <!-- Close anchor tag for header. -->\n\t\t<\/h3>\t<!-- Close header tag. -->\n\t\t<!-- Start collapsible content div. -->\n\t\t<div class=\"sp-collapse spcollapse \" id=\"collapse3202\" data-parent=\"#sp-ea-320\" role=\"region\" aria-labelledby=\"ea-header-3202\">  <!-- Content div. -->\n\t\t\t<div class=\"ea-body\">\n\t\t\t<p><span style=\"font-weight: 400\">Jatkotestauksesta sovitaan valmentajan kanssa erikseen. Jatkotestaus on t\u00e4rke\u00e4\u00e4, jotta harjoittelun vaikuttavuutta vammariskiin voidaan arvioida, harjoituksia voidaan muokata kehityksen mukaan ja kasvavan nuoren mahdolliset uudet vammariskit l\u00f6ytyv\u00e4t ajoissa.<\/span><\/p>\n\t\t\t<\/div> <!-- Close content div. -->\n\t\t<\/div> <!-- Close collapse div. -->\n\t<\/div> <!-- Close card div. -->\n\t\t<!-- Start accordion card div. -->\n\t<div class=\"ea-card  sp-ea-single\">\n\t\t<!-- Start accordion header. -->\n\t\t<h3 class=\"ea-header\">\n\t\t\t<!-- Add anchor tag for header. -->\n\t\t\t<a class=\"collapsed\" id=\"ea-header-3203\" data-sptoggle=\"spcollapse\" data-sptarget=\"#collapse3203\" aria-controls=\"collapse3203\" href=\"#\"  aria-expanded=\"false\" tabindex=\"0\">\n\t\t\t<i class=\"ea-expand-icon ea-icon-expand-plus\"><\/i> Koulutukset ja luennot\t\t\t<\/a> <!-- Close anchor tag for header. -->\n\t\t<\/h3>\t<!-- Close header tag. -->\n\t\t<!-- Start collapsible content div. -->\n\t\t<div class=\"sp-collapse spcollapse \" id=\"collapse3203\" data-parent=\"#sp-ea-320\" role=\"region\" aria-labelledby=\"ea-header-3203\">  <!-- Content div. -->\n\t\t\t<div class=\"ea-body\">\n\t\t\t<p><span style=\"font-weight: 400\">Tarjoamme my\u00f6s koulutus- ja luennointipalveluita esimerkiksi joukkueen valmentajille, nuorten urheilijoiden vanhemmille sek\u00e4 urheilijoille. Koulutukset keskittyv\u00e4t urheilijan terveyteen ja vammariskin minimoimiseen. Mahdollisia koulutusaiheita ovat esimerkiksi: urheilijan ravitsemus, turvallinen voimaharjoittelu, turvallinen liikkuvuusharjoittelu, kipu, eri ik\u00e4kausiin liittyv\u00e4t erityispiirteet tai urheilijan palautuminen.<\/span><\/p>\n\t\t\t<\/div> <!-- Close content div. -->\n\t\t<\/div> <!-- Close collapse div. -->\n\t<\/div> <!-- Close card div. -->\n\t<\/div>\n<\/div>\n\n\n\n\n<div style=\"height:100px\" aria-hidden=\"true\" class=\"wp-block-spacer\"><\/div>\n\n\n\n<div class=\"wp-block-cover alignfull\"><span aria-hidden=\"true\" class=\"wp-block-cover__background has-nv-dark-bg-background-color has-background-dim-100 has-background-dim\"><\/span><div class=\"wp-block-cover__inner-container is-layout-flow wp-block-cover-is-layout-flow\">\n<div class=\"wp-block-buttons is-horizontal is-content-justification-center is-layout-flex wp-container-core-buttons-is-layout-1 wp-block-buttons-is-layout-flex\">\n<div class=\"wp-block-button is-style-primary\"><a class=\"wp-block-button__link wp-element-button\" href=\"https:\/\/www.movefysio.fi\/?page_id=16\">ota yhteytt\u00e4<\/a><\/div>\n<\/div>\n\n\n\n<div style=\"height:50px\" aria-hidden=\"true\" class=\"wp-block-spacer\"><\/div>\n\n\n\n<p class=\"has-text-align-center\" style=\"font-size:25px\">MoveFysio Oy<\/p>\n\n\n\n<p class=\"has-text-align-center\" style=\"font-size:23px\">Y-tunnus 3179404-2<\/p>\n\n\n\n<p class=\"has-text-align-center\" style=\"font-size:25px\">info@movefysio.fi<\/p>\n<\/div><\/div>\n","protected":false},"excerpt":{"rendered":"","protected":false},"author":1,"featured_media":0,"parent":0,"menu_order":0,"comment_status":"closed","ping_status":"closed","template":"","meta":{"neve_meta_sidebar":"full-width","neve_meta_container":"","neve_meta_enable_content_width":"on","neve_meta_content_width":100,"neve_meta_title_alignment":"","neve_meta_author_avatar":"","neve_post_elements_order":"","neve_meta_disable_header":"","neve_meta_disable_footer":"","neve_meta_disable_title":"","footnotes":""},"class_list":["post-67","page","type-page","status-publish","hentry"],"_links":{"self":[{"href":"https:\/\/www.movefysio.fi\/index.php?rest_route=\/wp\/v2\/pages\/67"}],"collection":[{"href":"https:\/\/www.movefysio.fi\/index.php?rest_route=\/wp\/v2\/pages"}],"about":[{"href":"https:\/\/www.movefysio.fi\/index.php?rest_route=\/wp\/v2\/types\/page"}],"author":[{"embeddable":true,"href":"https:\/\/www.movefysio.fi\/index.php?rest_route=\/wp\/v2\/users\/1"}],"replies":[{"embeddable":true,"href":"https:\/\/www.movefysio.fi\/index.php?rest_route=%2Fwp%2Fv2%2Fcomments&post=67"}],"version-history":[{"count":33,"href":"https:\/\/www.movefysio.fi\/index.php?rest_route=\/wp\/v2\/pages\/67\/revisions"}],"predecessor-version":[{"id":455,"href":"https:\/\/www.movefysio.fi\/index.php?rest_route=\/wp\/v2\/pages\/67\/revisions\/455"}],"wp:attachment":[{"href":"https:\/\/www.movefysio.fi\/index.php?rest_route=%2Fwp%2Fv2%2Fmedia&parent=67"}],"curies":[{"name":"wp","href":"https:\/\/api.w.org\/{rel}","templated":true}]}}